{"id":3,"date":"2019-09-02T17:00:00","date_gmt":"2019-09-02T15:00:00","guid":{"rendered":"http:\/\/dev.yngsjobrodden.com\/?page_id=3"},"modified":"2020-12-02T22:29:19","modified_gmt":"2020-12-02T21:29:19","slug":"integritetspolicy","status":"publish","type":"page","link":"https:\/\/yngsjobrodden.com\/?page_id=3","title":{"rendered":"Integritetspolicy"},"content":{"rendered":"\n<h2 class=\"has-normal-font-size wp-block-heading\">Genom att best\u00e4lla broddar av oss samtycker du till att vi f\u00e5r anv\u00e4nda och l\u00e4mna ut ditt namn, din adress och din e-post adress samt i vissa fall ditt mobilnummer till Postnord eller annat fraktbolag. Efter leverans och betalning, sparar vi endast l\u00e4mnade uppgifter f\u00f6r att uppfylla kraven enligt bokf\u00f6ringslagstiftningen. Vi anv\u00e4nder inte era uppgifter till n\u00e5got annat \u00e4n f\u00f6r er best\u00e4llning och l\u00e4mnar aldrig ut era uppgifter till andra \u00e4n de ovann\u00e4mnda. Om ni har fr\u00e5gor om de uppgifter vi sparar eller om ni vill ta del av v\u00e5r s\u00e4kerhetspolicy, v\u00e4nligen kontakta oss p\u00e5 0705 232077.<\/h2>\n\n\n\n<div class=\"wp-block-image\"><figure class=\"alignright size-large is-resized\"><img loading=\"lazy\" decoding=\"async\" src=\"http:\/\/dev.yngsjobrodden.com\/wp-content\/uploads\/2020\/10\/Photo-bw-small-4.jpg\" alt=\"\" class=\"wp-image-112\" width=\"125\" height=\"106\" srcset=\"https:\/\/yngsjobrodden.com\/wp-content\/uploads\/2020\/10\/Photo-bw-small-4.jpg 500w, https:\/\/yngsjobrodden.com\/wp-content\/uploads\/2020\/10\/Photo-bw-small-4-300x255.jpg 300w, https:\/\/yngsjobrodden.com\/wp-content\/uploads\/2020\/10\/Photo-bw-small-4-978x831.jpg 978w\" sizes=\"(max-width: 125px) 100vw, 125px\" \/><\/figure><\/div>\n\n\n<div id=\"themify_builder_content-3\" data-postid=\"3\" class=\"themify_builder_content themify_builder_content-3 themify_builder\">\n    <\/div>\n\n","protected":false},"excerpt":{"rendered":"<p>Genom att best\u00e4lla broddar av oss samtycker du till att vi f\u00e5r anv\u00e4nda och l\u00e4mna ut ditt namn, din adress och din e-post adress samt i vissa fall ditt mobilnummer till Postnord eller annat fraktbolag. Efter leverans och betalning, sparar vi endast l\u00e4mnade uppgifter f\u00f6r att uppfylla kraven enligt bokf\u00f6ringslagstiftningen. Vi anv\u00e4nder inte era uppgifter [&hellip;]<\/p>\n","protected":false},"author":1,"featured_media":0,"parent":0,"menu_order":0,"comment_status":"closed","ping_status":"open","template":"","meta":{"footnotes":""},"class_list":["post-3","page","type-page","status-publish","hentry","has-post-title","has-post-date","has-post-category","has-post-tag","has-post-comment","has-post-author",""],"builder_content":"","_links":{"self":[{"href":"https:\/\/yngsjobrodden.com\/index.php?rest_route=\/wp\/v2\/pages\/3"}],"collection":[{"href":"https:\/\/yngsjobrodden.com\/index.php?rest_route=\/wp\/v2\/pages"}],"about":[{"href":"https:\/\/yngsjobrodden.com\/index.php?rest_route=\/wp\/v2\/types\/page"}],"author":[{"embeddable":true,"href":"https:\/\/yngsjobrodden.com\/index.php?rest_route=\/wp\/v2\/users\/1"}],"replies":[{"embeddable":true,"href":"https:\/\/yngsjobrodden.com\/index.php?rest_route=%2Fwp%2Fv2%2Fcomments&post=3"}],"version-history":[{"count":10,"href":"https:\/\/yngsjobrodden.com\/index.php?rest_route=\/wp\/v2\/pages\/3\/revisions"}],"predecessor-version":[{"id":284,"href":"https:\/\/yngsjobrodden.com\/index.php?rest_route=\/wp\/v2\/pages\/3\/revisions\/284"}],"wp:attachment":[{"href":"https:\/\/yngsjobrodden.com\/index.php?rest_route=%2Fwp%2Fv2%2Fmedia&parent=3"}],"curies":[{"name":"wp","href":"https:\/\/api.w.org\/{rel}","templated":true}]}}